{"id":1806,"date":"2024-09-17T20:05:27","date_gmt":"2024-09-17T20:05:27","guid":{"rendered":"https:\/\/nhrbrasil.org.br\/?page_id=1806"},"modified":"2025-05-27T12:58:24","modified_gmt":"2025-05-27T12:58:24","slug":"blog","status":"publish","type":"page","link":"https:\/\/nhrbrasil.org.br\/?page_id=1806","title":{"rendered":"Blog"},"content":{"rendered":"\t\t<div data-elementor-type=\"wp-page\" data-elementor-id=\"1806\" class=\"elementor elementor-1806\" data-elementor-post-type=\"page\">\n\t\t\t\t\t\t<section class=\"elementor-section elementor-top-section elementor-element elementor-element-511d0645 elementor-section-height-min-height elementor-section-content-middle elementor-section-boxed elementor-section-height-default elementor-section-items-middle\" data-id=\"511d0645\" data-element_type=\"section\" data-settings=\"{&quot;background_background&quot;:&quot;classic&quot;}\">\n\t\t\t\t\t\t\t<div class=\"elementor-background-overlay\"><\/div>\n\t\t\t\t\t\t\t<div class=\"elementor-container elementor-column-gap-no\">\n\t\t\t\t\t<div class=\"elementor-column elementor-col-100 elementor-top-column elementor-element elementor-element-46a0b00\" data-id=\"46a0b00\" data-element_type=\"column\" data-settings=\"{&quot;background_background&quot;:&quot;classic&quot;}\">\n\t\t\t<div class=\"elementor-widget-wrap\">\n\t\t\t\t\t\t\t<\/div>\n\t\t<\/div>\n\t\t\t\t\t<\/div>\n\t\t<\/section>\n\t\t\t\t<section class=\"elementor-section elementor-top-section elementor-element elementor-element-7e2204ba elementor-section-boxed elementor-section-height-default elementor-section-height-default\" data-id=\"7e2204ba\" data-element_type=\"section\">\n\t\t\t\t\t\t<div class=\"elementor-container elementor-column-gap-no\">\n\t\t\t\t\t<div class=\"elementor-column elementor-col-100 elementor-top-column elementor-element elementor-element-60bb5723\" data-id=\"60bb5723\" data-element_type=\"column\">\n\t\t\t<div class=\"elementor-widget-wrap elementor-element-populated\">\n\t\t\t\t\t\t<div class=\"elementor-element elementor-element-b25c89e elementor-grid-3 elementor-grid-tablet-2 elementor-grid-mobile-1 elementor-posts--thumbnail-top elementor-card-shadow-yes elementor-posts__hover-gradient elementor-widget elementor-widget-posts\" data-id=\"b25c89e\" data-element_type=\"widget\" data-settings=\"{&quot;cards_columns&quot;:&quot;3&quot;,&quot;cards_columns_tablet&quot;:&quot;2&quot;,&quot;cards_columns_mobile&quot;:&quot;1&quot;,&quot;cards_row_gap&quot;:{&quot;unit&quot;:&quot;px&quot;,&quot;size&quot;:35,&quot;sizes&quot;:[]},&quot;cards_row_gap_tablet&quot;:{&quot;unit&quot;:&quot;px&quot;,&quot;size&quot;:&quot;&quot;,&quot;sizes&quot;:[]},&quot;cards_row_gap_mobile&quot;:{&quot;unit&quot;:&quot;px&quot;,&quot;size&quot;:&quot;&quot;,&quot;sizes&quot;:[]}}\" data-widget_type=\"posts.cards\">\n\t\t\t\t<div class=\"elementor-widget-container\">\n\t\t\t\t\t\t\t<div class=\"elementor-posts-container elementor-posts elementor-posts--skin-cards elementor-grid\">\n\t\t\t\t<article class=\"elementor-post elementor-grid-item post-3205 post type-post status-publish format-standard has-post-thumbnail hentry category-noticias tag-eventos tag-hanseniase\">\n\t\t\t<div class=\"elementor-post__card\">\n\t\t\t\t<a class=\"elementor-post__thumbnail__link\" href=\"https:\/\/nhrbrasil.org.br\/?p=3205\" tabindex=\"-1\" ><div class=\"elementor-post__thumbnail\"><img fetchpriority=\"high\" decoding=\"async\" width=\"1920\" height=\"1080\" src=\"https:\/\/nhrbrasil.org.br\/wp-content\/uploads\/2026\/03\/Design-sem-nome-1.jpg\" class=\"attachment-full size-full wp-image-3210\" alt=\"\" srcset=\"https:\/\/nhrbrasil.org.br\/wp-content\/uploads\/2026\/03\/Design-sem-nome-1.jpg 1920w, https:\/\/nhrbrasil.org.br\/wp-content\/uploads\/2026\/03\/Design-sem-nome-1-300x169.jpg 300w, https:\/\/nhrbrasil.org.br\/wp-content\/uploads\/2026\/03\/Design-sem-nome-1-1024x576.jpg 1024w, https:\/\/nhrbrasil.org.br\/wp-content\/uploads\/2026\/03\/Design-sem-nome-1-768x432.jpg 768w, https:\/\/nhrbrasil.org.br\/wp-content\/uploads\/2026\/03\/Design-sem-nome-1-1536x864.jpg 1536w, https:\/\/nhrbrasil.org.br\/wp-content\/uploads\/2026\/03\/Design-sem-nome-1-600x338.jpg 600w\" sizes=\"(max-width: 1920px) 100vw, 1920px\" \/><\/div><\/a>\n\t\t\t\t<div class=\"elementor-post__badge\">Not\u00edcias<\/div>\n\t\t\t\t<div class=\"elementor-post__text\">\n\t\t\t\t<h5 class=\"elementor-post__title\">\n\t\t\t<a href=\"https:\/\/nhrbrasil.org.br\/?p=3205\" >\n\t\t\t\tNHR Brasil participa da Confer\u00eancia Nacional de Alto N\u00edvel em Hansen\u00edase\u00a0\t\t\t<\/a>\n\t\t<\/h5>\n\t\t\t\t<div class=\"elementor-post__excerpt\">\n\t\t\t<p>A Funda\u00e7\u00e3o NHR Brasil participou da Confer\u00eancia Nacional de Alto N\u00edvel em<\/p>\n\t\t<\/div>\n\t\t\t\t<\/div>\n\t\t\t\t\t<\/div>\n\t\t<\/article>\n\t\t\t\t<article class=\"elementor-post elementor-grid-item post-3202 post type-post status-publish format-standard has-post-thumbnail hentry category-noticias tag-diainternacionaldamulher tag-hanseniase tag-saudedamulher\">\n\t\t\t<div class=\"elementor-post__card\">\n\t\t\t\t<a class=\"elementor-post__thumbnail__link\" href=\"https:\/\/nhrbrasil.org.br\/?p=3202\" tabindex=\"-1\" ><div class=\"elementor-post__thumbnail\"><img decoding=\"async\" width=\"1920\" height=\"1080\" src=\"https:\/\/nhrbrasil.org.br\/wp-content\/uploads\/2026\/03\/Design-sem-nome-53.png\" class=\"attachment-full size-full wp-image-3203\" alt=\"\" srcset=\"https:\/\/nhrbrasil.org.br\/wp-content\/uploads\/2026\/03\/Design-sem-nome-53.png 1920w, https:\/\/nhrbrasil.org.br\/wp-content\/uploads\/2026\/03\/Design-sem-nome-53-300x169.png 300w, https:\/\/nhrbrasil.org.br\/wp-content\/uploads\/2026\/03\/Design-sem-nome-53-1024x576.png 1024w, https:\/\/nhrbrasil.org.br\/wp-content\/uploads\/2026\/03\/Design-sem-nome-53-768x432.png 768w, https:\/\/nhrbrasil.org.br\/wp-content\/uploads\/2026\/03\/Design-sem-nome-53-1536x864.png 1536w, https:\/\/nhrbrasil.org.br\/wp-content\/uploads\/2026\/03\/Design-sem-nome-53-600x338.png 600w\" sizes=\"(max-width: 1920px) 100vw, 1920px\" \/><\/div><\/a>\n\t\t\t\t<div class=\"elementor-post__badge\">Not\u00edcias<\/div>\n\t\t\t\t<div class=\"elementor-post__text\">\n\t\t\t\t<h5 class=\"elementor-post__title\">\n\t\t\t<a href=\"https:\/\/nhrbrasil.org.br\/?p=3202\" >\n\t\t\t\t08\/03 &#8211; Dia Internacional da Mulher\u00a0\t\t\t<\/a>\n\t\t<\/h5>\n\t\t\t\t<div class=\"elementor-post__excerpt\">\n\t\t\t<p>Hansen\u00edase e g\u00eanero: os desafios enfrentados por mulheres afetadas pela doen\u00e7a&nbsp; No<\/p>\n\t\t<\/div>\n\t\t\t\t<\/div>\n\t\t\t\t\t<\/div>\n\t\t<\/article>\n\t\t\t\t<article class=\"elementor-post elementor-grid-item post-3165 post type-post status-publish format-standard has-post-thumbnail hentry category-noticias tag-educacaoemsaude tag-hanseniase tag-janeiroroxo tag-saudeintegral\">\n\t\t\t<div class=\"elementor-post__card\">\n\t\t\t\t<a class=\"elementor-post__thumbnail__link\" href=\"https:\/\/nhrbrasil.org.br\/?p=3165\" tabindex=\"-1\" ><div class=\"elementor-post__thumbnail\"><img decoding=\"async\" width=\"1920\" height=\"1080\" src=\"https:\/\/nhrbrasil.org.br\/wp-content\/uploads\/2026\/01\/JANEIRO-ROXO.png\" class=\"attachment-full size-full wp-image-3170\" alt=\"\" srcset=\"https:\/\/nhrbrasil.org.br\/wp-content\/uploads\/2026\/01\/JANEIRO-ROXO.png 1920w, https:\/\/nhrbrasil.org.br\/wp-content\/uploads\/2026\/01\/JANEIRO-ROXO-300x169.png 300w, https:\/\/nhrbrasil.org.br\/wp-content\/uploads\/2026\/01\/JANEIRO-ROXO-1024x576.png 1024w, https:\/\/nhrbrasil.org.br\/wp-content\/uploads\/2026\/01\/JANEIRO-ROXO-768x432.png 768w, https:\/\/nhrbrasil.org.br\/wp-content\/uploads\/2026\/01\/JANEIRO-ROXO-1536x864.png 1536w, https:\/\/nhrbrasil.org.br\/wp-content\/uploads\/2026\/01\/JANEIRO-ROXO-600x338.png 600w\" sizes=\"(max-width: 1920px) 100vw, 1920px\" \/><\/div><\/a>\n\t\t\t\t<div class=\"elementor-post__badge\">Not\u00edcias<\/div>\n\t\t\t\t<div class=\"elementor-post__text\">\n\t\t\t\t<h5 class=\"elementor-post__title\">\n\t\t\t<a href=\"https:\/\/nhrbrasil.org.br\/?p=3165\" >\n\t\t\t\t25\/01-\u00a0Dia Mundial de Combate \u00e0 Hansen\u00edase\u00a0\u00a0\t\t\t<\/a>\n\t\t<\/h5>\n\t\t\t\t<div class=\"elementor-post__excerpt\">\n\t\t\t<p>Funda\u00e7\u00e3o NHR Brasil intensifica atividades de acesso \u00e0 informa\u00e7\u00e3o e preven\u00e7\u00e3o sobre<\/p>\n\t\t<\/div>\n\t\t\t\t<\/div>\n\t\t\t\t\t<\/div>\n\t\t<\/article>\n\t\t\t\t<article class=\"elementor-post elementor-grid-item post-3146 post type-post status-publish format-standard has-post-thumbnail hentry category-noticias\">\n\t\t\t<div class=\"elementor-post__card\">\n\t\t\t\t<a class=\"elementor-post__thumbnail__link\" href=\"https:\/\/nhrbrasil.org.br\/?p=3146\" tabindex=\"-1\" ><div class=\"elementor-post__thumbnail\"><img loading=\"lazy\" decoding=\"async\" width=\"1920\" height=\"1080\" src=\"https:\/\/nhrbrasil.org.br\/wp-content\/uploads\/2025\/12\/Encerramento-PEP-19.jpg\" class=\"attachment-full size-full wp-image-3163\" alt=\"\" \/><\/div><\/a>\n\t\t\t\t<div class=\"elementor-post__badge\">Not\u00edcias<\/div>\n\t\t\t\t<div class=\"elementor-post__text\">\n\t\t\t\t<h5 class=\"elementor-post__title\">\n\t\t\t<a href=\"https:\/\/nhrbrasil.org.br\/?p=3146\" >\n\t\t\t\tFunda\u00e7\u00e3o NHR Brasil apresenta dados preliminares do\u00a0PEP++\u00a0em\u00a0evento de encerramento\u00a0da Pesquisa\t\t\t<\/a>\n\t\t<\/h5>\n\t\t\t\t<div class=\"elementor-post__excerpt\">\n\t\t\t<p>O Encontro de Encerramento do Programa PEP++ 2025, realizado em Fortaleza (CE),<\/p>\n\t\t<\/div>\n\t\t\t\t<\/div>\n\t\t\t\t\t<\/div>\n\t\t<\/article>\n\t\t\t\t<article class=\"elementor-post elementor-grid-item post-3134 post type-post status-publish format-standard has-post-thumbnail hentry category-noticias tag-19cbh tag-eventos tag-hanseniase\">\n\t\t\t<div class=\"elementor-post__card\">\n\t\t\t\t<a class=\"elementor-post__thumbnail__link\" href=\"https:\/\/nhrbrasil.org.br\/?p=3134\" tabindex=\"-1\" ><div class=\"elementor-post__thumbnail\"><img loading=\"lazy\" decoding=\"async\" width=\"1920\" height=\"1080\" src=\"https:\/\/nhrbrasil.org.br\/wp-content\/uploads\/2025\/12\/Congresso-SBH-7.jpg\" class=\"attachment-full size-full wp-image-3142\" alt=\"\" srcset=\"https:\/\/nhrbrasil.org.br\/wp-content\/uploads\/2025\/12\/Congresso-SBH-7.jpg 1920w, https:\/\/nhrbrasil.org.br\/wp-content\/uploads\/2025\/12\/Congresso-SBH-7-300x169.jpg 300w, https:\/\/nhrbrasil.org.br\/wp-content\/uploads\/2025\/12\/Congresso-SBH-7-1024x576.jpg 1024w, https:\/\/nhrbrasil.org.br\/wp-content\/uploads\/2025\/12\/Congresso-SBH-7-768x432.jpg 768w, https:\/\/nhrbrasil.org.br\/wp-content\/uploads\/2025\/12\/Congresso-SBH-7-1536x864.jpg 1536w, https:\/\/nhrbrasil.org.br\/wp-content\/uploads\/2025\/12\/Congresso-SBH-7-600x338.jpg 600w\" sizes=\"(max-width: 1920px) 100vw, 1920px\" \/><\/div><\/a>\n\t\t\t\t<div class=\"elementor-post__badge\">Not\u00edcias<\/div>\n\t\t\t\t<div class=\"elementor-post__text\">\n\t\t\t\t<h5 class=\"elementor-post__title\">\n\t\t\t<a href=\"https:\/\/nhrbrasil.org.br\/?p=3134\" >\n\t\t\t\tNHR Brasil integra debates no 19\u00ba Congresso Brasileiro de\u00a0Hansenologia\u00a0\t\t\t<\/a>\n\t\t<\/h5>\n\t\t\t\t<div class=\"elementor-post__excerpt\">\n\t\t\t<p>A Funda\u00e7\u00e3o NHR Brasil participou do 19\u00ba Congresso Brasileiro de\u00a0Hansenologia,\u00a0sediado em Foz<\/p>\n\t\t<\/div>\n\t\t\t\t<\/div>\n\t\t\t\t\t<\/div>\n\t\t<\/article>\n\t\t\t\t<article class=\"elementor-post elementor-grid-item post-3121 post type-post status-publish format-standard has-post-thumbnail hentry category-noticias tag-10forumdtns tag-dtns tag-eventos tag-medtrop2025\">\n\t\t\t<div class=\"elementor-post__card\">\n\t\t\t\t<a class=\"elementor-post__thumbnail__link\" href=\"https:\/\/nhrbrasil.org.br\/?p=3121\" tabindex=\"-1\" ><div class=\"elementor-post__thumbnail\"><img loading=\"lazy\" decoding=\"async\" width=\"1920\" height=\"1080\" src=\"https:\/\/nhrbrasil.org.br\/wp-content\/uploads\/2025\/11\/Materia-medtrop-.png\" class=\"attachment-full size-full wp-image-3131\" alt=\"\" srcset=\"https:\/\/nhrbrasil.org.br\/wp-content\/uploads\/2025\/11\/Materia-medtrop-.png 1920w, https:\/\/nhrbrasil.org.br\/wp-content\/uploads\/2025\/11\/Materia-medtrop--300x169.png 300w, https:\/\/nhrbrasil.org.br\/wp-content\/uploads\/2025\/11\/Materia-medtrop--1024x576.png 1024w, https:\/\/nhrbrasil.org.br\/wp-content\/uploads\/2025\/11\/Materia-medtrop--768x432.png 768w, https:\/\/nhrbrasil.org.br\/wp-content\/uploads\/2025\/11\/Materia-medtrop--1536x864.png 1536w, https:\/\/nhrbrasil.org.br\/wp-content\/uploads\/2025\/11\/Materia-medtrop--600x338.png 600w\" sizes=\"(max-width: 1920px) 100vw, 1920px\" \/><\/div><\/a>\n\t\t\t\t<div class=\"elementor-post__badge\">Not\u00edcias<\/div>\n\t\t\t\t<div class=\"elementor-post__text\">\n\t\t\t\t<h5 class=\"elementor-post__title\">\n\t\t\t<a href=\"https:\/\/nhrbrasil.org.br\/?p=3121\" >\n\t\t\t\tFunda\u00e7\u00e3o NHR Brasil marca presen\u00e7a no\u00a0MedTrop\u00a02025\u00a0\t\t\t<\/a>\n\t\t<\/h5>\n\t\t\t\t<div class=\"elementor-post__excerpt\">\n\t\t\t<p>Funda\u00e7\u00e3o NHR Brasil encerra mais um ano de participa\u00e7\u00e3o no Congresso da<\/p>\n\t\t<\/div>\n\t\t\t\t<\/div>\n\t\t\t\t\t<\/div>\n\t\t<\/article>\n\t\t\t\t<article class=\"elementor-post elementor-grid-item post-3110 post type-post status-publish format-standard has-post-thumbnail hentry category-noticias tag-atencaoprimariaasaude tag-educacaoemsaude tag-hanseniase tag-saudeintegral\">\n\t\t\t<div class=\"elementor-post__card\">\n\t\t\t\t<a class=\"elementor-post__thumbnail__link\" href=\"https:\/\/nhrbrasil.org.br\/?p=3110\" tabindex=\"-1\" ><div class=\"elementor-post__thumbnail\"><img loading=\"lazy\" decoding=\"async\" width=\"1500\" height=\"1000\" src=\"https:\/\/nhrbrasil.org.br\/wp-content\/uploads\/2025\/08\/2148854097.jpg\" class=\"attachment-full size-full wp-image-3111\" alt=\"\" srcset=\"https:\/\/nhrbrasil.org.br\/wp-content\/uploads\/2025\/08\/2148854097.jpg 1500w, https:\/\/nhrbrasil.org.br\/wp-content\/uploads\/2025\/08\/2148854097-300x200.jpg 300w, https:\/\/nhrbrasil.org.br\/wp-content\/uploads\/2025\/08\/2148854097-1024x683.jpg 1024w, https:\/\/nhrbrasil.org.br\/wp-content\/uploads\/2025\/08\/2148854097-768x512.jpg 768w, https:\/\/nhrbrasil.org.br\/wp-content\/uploads\/2025\/08\/2148854097-600x400.jpg 600w\" sizes=\"(max-width: 1500px) 100vw, 1500px\" \/><\/div><\/a>\n\t\t\t\t<div class=\"elementor-post__badge\">Not\u00edcias<\/div>\n\t\t\t\t<div class=\"elementor-post__text\">\n\t\t\t\t<h5 class=\"elementor-post__title\">\n\t\t\t<a href=\"https:\/\/nhrbrasil.org.br\/?p=3110\" >\n\t\t\t\tA Aten\u00e7\u00e3o Prim\u00e1ria \u00e0 Sa\u00fade na promo\u00e7\u00e3o \u00e0 Educa\u00e7\u00e3o em Sa\u00fade\u00a0\t\t\t<\/a>\n\t\t<\/h5>\n\t\t\t\t<div class=\"elementor-post__excerpt\">\n\t\t\t<p>Um pilar essencial da Educa\u00e7\u00e3o em Sa\u00fade \u00e9 a Aten\u00e7\u00e3o Prim\u00e1ria \u00e0<\/p>\n\t\t<\/div>\n\t\t\t\t<\/div>\n\t\t\t\t\t<\/div>\n\t\t<\/article>\n\t\t\t\t<article class=\"elementor-post elementor-grid-item post-3107 post type-post status-publish format-standard has-post-thumbnail hentry category-noticias tag-dianacionaldasaude tag-hanseniase tag-saudeintegral\">\n\t\t\t<div class=\"elementor-post__card\">\n\t\t\t\t<a class=\"elementor-post__thumbnail__link\" href=\"https:\/\/nhrbrasil.org.br\/?p=3107\" tabindex=\"-1\" ><div class=\"elementor-post__thumbnail\"><img loading=\"lazy\" decoding=\"async\" width=\"1920\" height=\"1080\" src=\"https:\/\/nhrbrasil.org.br\/wp-content\/uploads\/2025\/08\/Capa-Dia-Nacional-da-Saude.png\" class=\"attachment-full size-full wp-image-3108\" alt=\"\" srcset=\"https:\/\/nhrbrasil.org.br\/wp-content\/uploads\/2025\/08\/Capa-Dia-Nacional-da-Saude.png 1920w, https:\/\/nhrbrasil.org.br\/wp-content\/uploads\/2025\/08\/Capa-Dia-Nacional-da-Saude-300x169.png 300w, https:\/\/nhrbrasil.org.br\/wp-content\/uploads\/2025\/08\/Capa-Dia-Nacional-da-Saude-1024x576.png 1024w, https:\/\/nhrbrasil.org.br\/wp-content\/uploads\/2025\/08\/Capa-Dia-Nacional-da-Saude-768x432.png 768w, https:\/\/nhrbrasil.org.br\/wp-content\/uploads\/2025\/08\/Capa-Dia-Nacional-da-Saude-1536x864.png 1536w, https:\/\/nhrbrasil.org.br\/wp-content\/uploads\/2025\/08\/Capa-Dia-Nacional-da-Saude-600x338.png 600w\" sizes=\"(max-width: 1920px) 100vw, 1920px\" \/><\/div><\/a>\n\t\t\t\t<div class=\"elementor-post__badge\">Not\u00edcias<\/div>\n\t\t\t\t<div class=\"elementor-post__text\">\n\t\t\t\t<h5 class=\"elementor-post__title\">\n\t\t\t<a href=\"https:\/\/nhrbrasil.org.br\/?p=3107\" >\n\t\t\t\tDia Nacional da Sa\u00fade\u00a0\u00a0\t\t\t<\/a>\n\t\t<\/h5>\n\t\t\t\t<div class=\"elementor-post__excerpt\">\n\t\t\t<p>A Funda\u00e7\u00e3o NHR Brasil apresenta, neste Dia Nacional da Sa\u00fade, a primeira<\/p>\n\t\t<\/div>\n\t\t\t\t<\/div>\n\t\t\t\t\t<\/div>\n\t\t<\/article>\n\t\t\t\t<article class=\"elementor-post elementor-grid-item post-3095 post type-post status-publish format-standard has-post-thumbnail hentry category-noticias tag-22ilc tag-eventos tag-hanseniase tag-saudeglobal\">\n\t\t\t<div class=\"elementor-post__card\">\n\t\t\t\t<a class=\"elementor-post__thumbnail__link\" href=\"https:\/\/nhrbrasil.org.br\/?p=3095\" tabindex=\"-1\" ><div class=\"elementor-post__thumbnail\"><img loading=\"lazy\" decoding=\"async\" width=\"1920\" height=\"1080\" src=\"https:\/\/nhrbrasil.org.br\/wp-content\/uploads\/2025\/07\/22o-ILC-4.jpg\" class=\"attachment-full size-full wp-image-3102\" alt=\"Vis\u00e3o do painel principal do 22\u00ba Congresso Internacional de Hansen\u00edase.\" srcset=\"https:\/\/nhrbrasil.org.br\/wp-content\/uploads\/2025\/07\/22o-ILC-4.jpg 1920w, https:\/\/nhrbrasil.org.br\/wp-content\/uploads\/2025\/07\/22o-ILC-4-300x169.jpg 300w, https:\/\/nhrbrasil.org.br\/wp-content\/uploads\/2025\/07\/22o-ILC-4-1024x576.jpg 1024w, https:\/\/nhrbrasil.org.br\/wp-content\/uploads\/2025\/07\/22o-ILC-4-768x432.jpg 768w, https:\/\/nhrbrasil.org.br\/wp-content\/uploads\/2025\/07\/22o-ILC-4-1536x864.jpg 1536w, https:\/\/nhrbrasil.org.br\/wp-content\/uploads\/2025\/07\/22o-ILC-4-600x338.jpg 600w\" sizes=\"(max-width: 1920px) 100vw, 1920px\" \/><\/div><\/a>\n\t\t\t\t<div class=\"elementor-post__badge\">Not\u00edcias<\/div>\n\t\t\t\t<div class=\"elementor-post__text\">\n\t\t\t\t<h5 class=\"elementor-post__title\">\n\t\t\t<a href=\"https:\/\/nhrbrasil.org.br\/?p=3095\" >\n\t\t\t\tNHR Brasil participa de Congresso Internacional sobre Hansen\u00edase \u00a0\t\t\t<\/a>\n\t\t<\/h5>\n\t\t\t\t<div class=\"elementor-post__excerpt\">\n\t\t\t<p>Sediado em Bali, na Indon\u00e9sia, o 22\u00ba International Leprosy Congress reuniu pesquisadores,<\/p>\n\t\t<\/div>\n\t\t\t\t<\/div>\n\t\t\t\t\t<\/div>\n\t\t<\/article>\n\t\t\t\t<\/div>\n\t\t\n\t\t\t\t\t\t<\/div>\n\t\t\t\t<\/div>\n\t\t\t\t\t<\/div>\n\t\t<\/div>\n\t\t\t\t\t<\/div>\n\t\t<\/section>\n\t\t<div class=\"elementor-element elementor-element-763c69d e-flex e-con-boxed e-con e-parent\" data-id=\"763c69d\" data-element_type=\"container\">\n\t\t\t\t\t<div class=\"e-con-inner\">\n\t\t\t\t<div class=\"elementor-element elementor-element-aaac600 elementor-widget elementor-widget-elementskit-social-media\" data-id=\"aaac600\" data-element_type=\"widget\" data-widget_type=\"elementskit-social-media.default\">\n\t\t\t\t<div class=\"elementor-widget-container\">\n\t\t\t\t\t<div class=\"ekit-wid-con\" >\t\t\t <ul class=\"ekit_social_media\">\n\t\t\t\t\t\t\t\t\t\t\t\t\t\t<li class=\"elementor-repeater-item-0ff1e9a\">\n\t\t\t\t\t    <a\n\t\t\t\t\t\thref=\"https:\/\/www.facebook.com\/share\/18WMvJ1mSU\/\" aria-label=\"Facebook\" class=\"facebook\" >\n\t\t\t\t\t\t\t\n\t\t\t\t\t\t\t<i aria-hidden=\"true\" class=\"fab fa-facebook\"><\/i>\n                                                                                    Facebook                                                                                <\/a>\n                    <\/li>\n                    \t\t\t\t\t\t\t\t\t\t\t\t\t\t<li class=\"elementor-repeater-item-4cb23a1\">\n\t\t\t\t\t    <a\n\t\t\t\t\t\thref=\"https:\/\/x.com\/nhrbrasil\" aria-label=\"Twitter\" class=\"twitter\" >\n\t\t\t\t\t\t\t\n\t\t\t\t\t\t\t<i aria-hidden=\"true\" class=\"icon icon-twitter\"><\/i>\n                                                                                    Twitter                                                                                <\/a>\n                    <\/li>\n                    \t\t\t\t\t\t\t\t\t\t\t\t\t\t<li class=\"elementor-repeater-item-34d892f\">\n\t\t\t\t\t    <a\n\t\t\t\t\t\thref=\"https:\/\/www.linkedin.com\/company\/nhrbrasil\/\" aria-label=\"LinkedIn\" class=\"linkedin\" >\n\t\t\t\t\t\t\t\n\t\t\t\t\t\t\t<i aria-hidden=\"true\" class=\"fab fa-linkedin\"><\/i>\n                                                                                    LinkedIn                                                                                <\/a>\n                    <\/li>\n                    \t\t\t\t\t\t\t<\/ul>\n\t\t<\/div>\t\t\t\t<\/div>\n\t\t\t\t<\/div>\n\t\t\t\t\t<\/div>\n\t\t\t\t<\/div>\n\t\t\t\t<\/div>\n\t\t","protected":false},"excerpt":{"rendered":"<p>Facebook Twitter LinkedIn<\/p>\n","protected":false},"author":1,"featured_media":0,"parent":0,"menu_order":0,"comment_status":"closed","ping_status":"closed","template":"","meta":{"om_disable_all_campaigns":false,"inline_featured_image":false,"_monsterinsights_skip_tracking":false,"_monsterinsights_sitenote_active":false,"_monsterinsights_sitenote_note":"","_monsterinsights_sitenote_category":0,"footnotes":""},"class_list":["post-1806","page","type-page","status-publish","hentry"],"aioseo_notices":[],"_links":{"self":[{"href":"https:\/\/nhrbrasil.org.br\/index.php?rest_route=\/wp\/v2\/pages\/1806","targetHints":{"allow":["GET"]}}],"collection":[{"href":"https:\/\/nhrbrasil.org.br\/index.php?rest_route=\/wp\/v2\/pages"}],"about":[{"href":"https:\/\/nhrbrasil.org.br\/index.php?rest_route=\/wp\/v2\/types\/page"}],"author":[{"embeddable":true,"href":"https:\/\/nhrbrasil.org.br\/index.php?rest_route=\/wp\/v2\/users\/1"}],"replies":[{"embeddable":true,"href":"https:\/\/nhrbrasil.org.br\/index.php?rest_route=%2Fwp%2Fv2%2Fcomments&post=1806"}],"version-history":[{"count":25,"href":"https:\/\/nhrbrasil.org.br\/index.php?rest_route=\/wp\/v2\/pages\/1806\/revisions"}],"predecessor-version":[{"id":3016,"href":"https:\/\/nhrbrasil.org.br\/index.php?rest_route=\/wp\/v2\/pages\/1806\/revisions\/3016"}],"wp:attachment":[{"href":"https:\/\/nhrbrasil.org.br\/index.php?rest_route=%2Fwp%2Fv2%2Fmedia&parent=1806"}],"curies":[{"name":"wp","href":"https:\/\/api.w.org\/{rel}","templated":true}]}}