{"id":1824,"date":"2024-09-17T20:25:33","date_gmt":"2024-09-17T20:25:33","guid":{"rendered":"https:\/\/nhrbrasil.org.br\/?page_id=1824"},"modified":"2024-12-04T00:42:10","modified_gmt":"2024-12-04T00:42:10","slug":"producao-de-conhecimento","status":"publish","type":"page","link":"https:\/\/nhrbrasil.org.br\/?page_id=1824","title":{"rendered":"Produ\u00e7\u00e3o de Conhecimento"},"content":{"rendered":"\t\t<div data-elementor-type=\"wp-page\" data-elementor-id=\"1824\" class=\"elementor elementor-1824\" data-elementor-post-type=\"page\">\n\t\t\t\t\t\t<section class=\"elementor-section elementor-top-section elementor-element elementor-element-2a8906ba elementor-section-height-min-height elementor-section-content-middle elementor-section-boxed elementor-section-height-default elementor-section-items-middle\" data-id=\"2a8906ba\" data-element_type=\"section\" data-settings=\"{&quot;background_background&quot;:&quot;classic&quot;}\">\n\t\t\t\t\t\t\t<div class=\"elementor-background-overlay\"><\/div>\n\t\t\t\t\t\t\t<div class=\"elementor-container elementor-column-gap-no\">\n\t\t\t\t\t<div class=\"elementor-column elementor-col-100 elementor-top-column elementor-element elementor-element-5a94b30a\" data-id=\"5a94b30a\" data-element_type=\"column\" data-settings=\"{&quot;background_background&quot;:&quot;classic&quot;}\">\n\t\t\t<div class=\"elementor-widget-wrap elementor-element-populated\">\n\t\t\t\t\t\t\t<\/div>\n\t\t<\/div>\n\t\t\t\t\t<\/div>\n\t\t<\/section>\n\t\t<div class=\"elementor-element elementor-element-0580459 e-flex e-con-boxed e-con e-parent\" data-id=\"0580459\" data-element_type=\"container\">\n\t\t\t\t\t<div class=\"e-con-inner\">\n\t\t\t\t<div class=\"elementor-element elementor-element-d0fedc5 elementor-widget elementor-widget-elementskit-heading\" data-id=\"d0fedc5\" data-element_type=\"widget\" data-widget_type=\"elementskit-heading.default\">\n\t\t\t\t<div class=\"elementor-widget-container\">\n\t\t\t\t\t<div class=\"ekit-wid-con\" ><div class=\"ekit-heading elementskit-section-title-wraper text_center   ekit_heading_tablet-   ekit_heading_mobile-text_center\"><h6 class=\"ekit-heading--title elementskit-section-title \"><span><span>Produ\u00e7\u00e3o  <\/span><\/span> de Conhecimento<\/h6><\/div><\/div>\t\t\t\t<\/div>\n\t\t\t\t<\/div>\n\t\t\t\t\t<\/div>\n\t\t\t\t<\/div>\n\t\t<div class=\"elementor-element elementor-element-c571221 e-flex e-con-boxed e-con e-parent\" data-id=\"c571221\" data-element_type=\"container\">\n\t\t\t\t\t<div class=\"e-con-inner\">\n\t\t\t\t<div class=\"elementor-element elementor-element-1c1a49d elementor-widget elementor-widget-text-editor\" data-id=\"1c1a49d\" data-element_type=\"widget\" data-widget_type=\"text-editor.default\">\n\t\t\t\t<div class=\"elementor-widget-container\">\n\t\t\t\t\t\t\t\t\t<p><span style=\"font-weight: 400;\">Na Funda\u00e7\u00e3o NHR Brasil, a produ\u00e7\u00e3o cient\u00edfica s\u00e9ria e engajada \u00e9 um dos pilares do nosso trabalho no enfrentamento \u00e0 hansen\u00edase. Atrav\u00e9s de colabora\u00e7\u00f5es com universidades, institutos de pesquisa e profissionais de sa\u00fade, buscamos fomentar um ambiente de aprendizado cont\u00ednuo e troca de informa\u00e7\u00f5es.<\/span><\/p><p><span style=\"font-weight: 400;\">Nesta p\u00e1gina, voc\u00ea encontra uma cole\u00e7\u00e3o abrangente de pesquisas, estudos e publica\u00e7\u00f5es que refletem nosso compromisso com a inova\u00e7\u00e3o e a excel\u00eancia cient\u00edfica. Explore nossas publica\u00e7\u00f5es e veja como estamos contribuindo para o avan\u00e7o do conhecimento na \u00e1rea da hansen\u00edase. <\/span><\/p>\t\t\t\t\t\t\t\t<\/div>\n\t\t\t\t<\/div>\n\t\t\t\t\t<\/div>\n\t\t\t\t<\/div>\n\t\t\t\t<\/div>\n\t\t","protected":false},"excerpt":{"rendered":"<p>Produ\u00e7\u00e3o de Conhecimento Na Funda\u00e7\u00e3o NHR Brasil, a produ\u00e7\u00e3o cient\u00edfica s\u00e9ria e engajada \u00e9 um dos pilares do nosso trabalho no enfrentamento \u00e0 hansen\u00edase. Atrav\u00e9s de colabora\u00e7\u00f5es com universidades, institutos de pesquisa e profissionais de sa\u00fade, buscamos fomentar um ambiente de aprendizado cont\u00ednuo e troca de informa\u00e7\u00f5es. Nesta p\u00e1gina, voc\u00ea encontra uma cole\u00e7\u00e3o abrangente de [&hellip;]<\/p>\n","protected":false},"author":1,"featured_media":0,"parent":0,"menu_order":0,"comment_status":"closed","ping_status":"closed","template":"","meta":{"om_disable_all_campaigns":false,"inline_featured_image":false,"_monsterinsights_skip_tracking":false,"_monsterinsights_sitenote_active":false,"_monsterinsights_sitenote_note":"","_monsterinsights_sitenote_category":0,"footnotes":""},"class_list":["post-1824","page","type-page","status-publish","hentry"],"aioseo_notices":[],"_links":{"self":[{"href":"https:\/\/nhrbrasil.org.br\/index.php?rest_route=\/wp\/v2\/pages\/1824","targetHints":{"allow":["GET"]}}],"collection":[{"href":"https:\/\/nhrbrasil.org.br\/index.php?rest_route=\/wp\/v2\/pages"}],"about":[{"href":"https:\/\/nhrbrasil.org.br\/index.php?rest_route=\/wp\/v2\/types\/page"}],"author":[{"embeddable":true,"href":"https:\/\/nhrbrasil.org.br\/index.php?rest_route=\/wp\/v2\/users\/1"}],"replies":[{"embeddable":true,"href":"https:\/\/nhrbrasil.org.br\/index.php?rest_route=%2Fwp%2Fv2%2Fcomments&post=1824"}],"version-history":[{"count":13,"href":"https:\/\/nhrbrasil.org.br\/index.php?rest_route=\/wp\/v2\/pages\/1824\/revisions"}],"predecessor-version":[{"id":2690,"href":"https:\/\/nhrbrasil.org.br\/index.php?rest_route=\/wp\/v2\/pages\/1824\/revisions\/2690"}],"wp:attachment":[{"href":"https:\/\/nhrbrasil.org.br\/index.php?rest_route=%2Fwp%2Fv2%2Fmedia&parent=1824"}],"curies":[{"name":"wp","href":"https:\/\/api.w.org\/{rel}","templated":true}]}}